 composite?
False
Is 16193612003 a composite number?
True
Is 570055835 composite?
True
Is 18856763 a prime number?
True
Is 4920021877 a composite number?
True
Is 11535893197 a composite number?
True
Is 14432806819 a prime number?
True
Is 1035678089 composite?
False
Is 1538057 a prime number?
True
Is 4277152123 composite?
False
Is 13006477621 prime?
False
Is 22680282946 a prime number?
False
Is 1659871167 composite?
True
Is 14364956377 a composite number?
True
Is 14759841053 prime?
True
Is 242065069 composite?
True
Is 178905659 a composite number?
False
Is 5787190247 composite?
True
Is 16648450909 composite?
True
Is 2923981757 a composite number?
False
Is 484410517 a prime number?
False
Is 6471043879 a prime number?
True
Is 571557451 a composite number?
True
Is 584756017 a prime number?
True
Is 55708729 a composite number?
True
Is 1318711291 prime?
True
Is 830937097 prime?
False
Is 91005713 prime?
False
Is 272622645595 composite?
True
Is 5590530343 a prime number?
False
Is 1692679111 a prime number?
True
Is 228312647 composite?
False
Is 5856829939 a prime number?
True
Is 6053592689 a composite number?
False
Is 164745883 prime?
False
Is 19800956897 a prime number?
True
Is 88403354419 prime?
True
Is 322811077 prime?
False
Is 56092905233 a composite number?
False
Is 60459731929 prime?
True
Is 117313951 prime?
False
Is 1740415531 prime?
False
Is 651024494 a composite number?
True
Is 4356364007 prime?
True
Is 41240723383 composite?
False
Is 19837157807 a prime number?
True
Is 10115046689 composite?
True
Is 563363798 a composite number?
True
Is 17789072849 a composite number?
False
Is 14808528157 a composite number?
False
Is 20908412119 a prime number?
False
Is 280789403 a prime number?
True
Is 28681748327 prime?
True
Is 3070509629 prime?
False
Is 118822493839 composite?
True
Is 93286315921 a composite number?
True
Is 16841419703 composite?
True
Is 297495551 prime?
True
Is 290990543 prime?
False
Is 135721829333 a prime number?
True
Is 6116732093 a composite number?
True
Is 2589904477 a composite number?
False
Is 250158253 composite?
False
Is 25652551487 prime?
True
Is 1440132371 prime?
False
Is 4040711489 a prime number?
True
Is 3669170487 a prime number?
False
Is 3461930411 a composite number?
False
Is 48508993937 composite?
True
Is 241003645769 prime?
True
Is 12785754127 a composite number?
False
Is 340065527 a composite number?
True
Is 44924720143 a prime number?
False
Is 21153958879 a prime number?
True
Is 16178586169 prime?
True
Is 228307543 composite?
True
Is 593441777 a prime number?
True
Is 54745013 composite?
True
Is 3396091681 composite?
True
Is 6063436999 a prime number?
False
Is 18195487 prime?
True
Is 3857488315 a prime number?
False
Is 5632196705 prime?
False
Is 8336250743 composite?
True
Is 36434704031 a composite number?
True
Is 1103611109 composite?
True
Is 2368554227 composite?
True
Is 131983457303 a composite number?
True
Is 182658562 prime?
False
Is 148568712701 a composite number?
True
Is 108198939791 prime?
True
Is 500595629 composite?
False
Is 3559811159 composite?
False
Is 169029867283 prime?
False
Is 10369801583 a prime number?
True
Is 175738552441 a prime number?
True
Is 80539681 a composite number?
False
Is 1287296441 a prime number?
False
Is 2521211167 a composite number?
False
Is 1441598227 composite?
False
Is 2450766701 a composite number?
False
Is 13599430429 a composite number?
True
Is 50502129793 composite?
False
Is 13345008827 composite?
False
Is 2220913627 a composite number?
True
Is 59611115017 a composite number?
True
Is 10376240509 composite?
False
Is 186499513 a prime number?
True
Is 5688880279 a prime number?
True
Is 15123589991 a composite number?
True
Is 5817424649 prime?
False
Is 59588392361 composite?
True
Is 2579161043 prime?
False
Is 43388489239 a composite number?
False
Is 2006744461 prime?
False
Is 509611637 a prime number?
False
Is 35449623809 a composite number?
True
Is 4469393497 a composite number?
False
Is 3353525803 prime?
False
Is 4262097533 prime?
True
Is 2609071189 prime?
True
Is 110288011 a composite number?
False
Is 9550401187 prime?
False
Is 658663337 a composite number?
True
Is 228728333 prime?
True
Is 3646163663 prime?
True
Is 2156582713 a prime number?
False
Is 7018105714 a composite number?
True
Is 68553188533 composite?
False
Is 52520097719 a prime number?
True
Is 1800374159 a prime number?
True
Is 412525871 composite?
True
Is 1934142163 a composite number?
False
Is 81143258611 prime?
True
Is 133280957 a composite number?
False
Is 3800136695 a prime number?
False
Is 73280231153 composite?
False
Is 2550837007 composite?
True
Is 149725349 composite?
True
Is 6705730297 a prime number?
False
Is 288046927 prime?
False
Is 5460874631 prime?
True
Is 19731699301 a composite number?
False
Is 31145256631 composite?
False
Is 33191917966 a composite number?
True
Is 17211856899 composite?
True
Is 65574530891 a prime number?
False
Is 13598147161 a prime number?
False
Is 447180533 a composite number?
False
Is 142105429 prime?
False
Is 63768478681 a prime number?
True
Is 1753883499 a prime number?
False
Is 1807941733 a prime number?
False
Is 4345515169 a prime number?
False
Is 137591723 a prime number?
False
Is 423079094 a composite number?
True
Is 20153723 prime?
True
Is 82603629137 a composite number?
False
Is 114809887 prime?
True
Is 2762444731 a composite number?
False
Is 4419593221 composite?
True
Is 7422150521 a prime number?
True
Is 14805068703 composite?
True
Is 42273770459 a prime number?
True
Is 1833701029 composite?
True
Is 26550638459 composite?
False
Is 1244488753 a composite number?
True
Is 25248749551 a prime number?
True
Is 39030533147 a prime number?
False
Is 4779289267 a prime number?
True
Is 8104646629 composite?
False
Is 135987739 composite?
False
Is 7655175893 a composite number?
True
Is 2322624769 a composite number?
True
Is 4523999969 composite?
True
Is 64235260409 a prime number?
True
Is 634310477 a composite number?
True
Is 752465039 a prime number?
True
Is 142528801 a composite number?
False
Is 779797309 composite?
True
Is 265684213 a composite number?
False
Is 397280647 a composite number?
True
Is 359622259 prime?
True
Is 3889947169 prime?
False
Is 17660592143 composite?
False
Is 7414688363 a prime number?
False
Is 181257723781 composite?
True
Is 76496837789 a composite number?
True
Is 681024203 prime?
False
Is 9066960415 a composite number?
True
Is 5916595709 a prime number?
False
Is 8561036641 a prime number?
True
Is 268534216121 a prime number?
True
Is 65505889 composite?
False
Is 114731069 a prime number?
True
Is 67036146231 prime?
False
Is 392993161 composite?
True
Is 1019545589 prime?
True
Is 8290217323 a prime number?
False
Is 335867371069 composite?
True
Is 6461439319 a prime number?
False
Is 39481334917 composite?
True
Is 2233023803 a prime number?
True
Is 6082829717 a composite number?
False
Is 105619323499 composite?
True
Is 133201031251 composite?
True
Is 54202423 a prime number?
False
Is 161718720959 composite?
False
Is 7843088663 prime?
False
Is 5402147083 prime?
True
Is 107661893 composite?
False
Is 8041877 prime?
False
Is 35818639 composite?
False
Is 1660413731 composite?
False
Is 2471618647 composite?
True
Is 113976311 prime?
True
Is 124064777 prime?
False
Is 763680049 a composite number?
True
Is 232563640417 a prime number?
True
Is 485418509 a prime number?
True
Is 8347346961 composite?
True
Is 7296808921 prime?
True
Is 68874655823 a prime number?
False
Is 23496423999 a composite number?
True
Is 110818357039 composite?
True
Is 21812728907 a prime number?
False
Is 10851416633 composite?
False
Is 2897624377 composite?
True
Is 50578195463 prime?
True
Is 86148782273 prime?
False
Is 29524014067 prime?
True
Is 57627477893 a composite number?
True
Is 1072934938 prime?
False
Is 4545506929 a prime number?
False
Is 4443360897 a prime number?
False
Is 4039507102 a composite number?
True
Is 433779211 prime?
True
Is 15474993091 composite?
True
Is 4206987319 a prime number?
True
Is 1532290163 prime?
True
Is 9700067543 composite?
False
Is 15542402353 a composite number?
False
Is 3738298627 prime?
False
Is 94551079109 a prime number?
False
Is 28750019 a prime number?
True
Is 2301478507 a composite number?
False
Is 7328894129 a composite number?
True
Is 297095651 composi